 - -4?
4b9ba
In base 12, what is 634 - 1b9?
437
In base 5, what is -402241 - 10?
-402301
In base 10, what is -37 + 120128?
120091
In base 5, what is 3322 + -103?
3214
In base 4, what is 301212 + 112?
301330
In base 3, what is -2212222 + -20100?
-10010022
In base 15, what is -124e70 + 3?
-124e6c
In base 12, what is 154 + 983?
b17
In base 10, what is -2857 - -5?
-2852
In base 3, what is -1011110 + 2110022?
1021212
In base 10, what is -3 + 102346?
102343
In base 9, what is 677164 - 5?
677158
In base 7, what is 322565 + 5?
322603
In base 14, what is 2 + -45ba?
-45b8
In base 16, what is 8 - -891?
899
In base 13, what is 0 - 235471?
-235471
In base 15, what is 29dc - 1?
29db
In base 15, what is 10 - -24ad?
24bd
In base 12, what is -704 - 43a?
-b42
In base 16, what is 6 - -c864?
c86a
In base 14, what is 76 + -4a7?
-431
In base 11, what is -23 - 9?
-31
In base 3, what is 11 - -2120210011212?
2120210012000
In base 4, what is -1313021 + 31?
-1312330
In base 14, what is b8 + -cd28?
-cc50
In base 3, what is 210 + -10210001?
-10202021
In base 9, what is -46 + 1101?
1044
In base 8, what is -60304 - -27?
-60255
In base 8, what is -5 - -4072?
4065
In base 8, what is 17 - 245775?
-245756
In base 7, what is -32352 + -41?
-32423
In base 8, what is -43327 + -1?
-43330
In base 14, what is 3 + -1c8ab4?
-1c8ab1
In base 15, what is 3 + -65d00?
-65cec
In base 3, what is 12210000 - -1211?
12211211
In base 2, what is 1001101000 - -1010000010?
10011101010
In base 5, what is -233320 - 3144?
-242014
In base 8, what is 5 - 2161314?
-2161307
In base 12, what is -7 - 1a441?
-1a448
In base 5, what is 2022 + -210?
1312
In base 2, what is 110111110100 - 1010011010?
101101011010
In base 6, what is -20125 + -3025?
-23154
In base 11, what is -316 - 267?
-582
In base 9, what is 1214 - 160?
1044
In base 14, what is -1 - 3665?
-3666
In base 10, what is 3391 - 390?
3001
In base 6, what is -13550 - -31?
-13515
In base 10, what is 6 + -563?
-557
In base 2, what is 111 + 1111011110001?
1111011111000
In base 4, what is -31213 - 3?
-31222
In base 5, what is -4 - 312121?
-312130
In base 5, what is 11 - -1112410?
1112421
In base 9, what is -324 + -7?
-332
In base 14, what is -a93c87 - 3?
-a93c8a
In base 3, what is 211 - -2000011?
2000222
In base 11, what is 1874851 - 4?
1874848
In base 16, what is 12216 - -2d?
12243
In base 5, what is 20 - -1302410?
1302430
In base 6, what is 2 - 205155?
-205153
In base 11, what is -179 + -27?
-1a5
In base 13, what is 1c6 - -c3?
2b9
In base 13, what is -28 + 1b7c?
1b54
In base 5, what is 24412 - 34?
24323
In base 3, what is -12 + 201212100?
201212011
In base 16, what is 398e - 5?
3989
In base 5, what is -1221 + 211213?
204442
In base 12, what is 361511 - -4?
361515
In base 14, what is -5 - 11b7?
-11bc
In base 11, what is 192012 - -4?
192016
In base 12, what is -3 + 1231a?
12317
In base 15, what is -68660e + 4?
-68660a
In base 5, what is 342 + -10204?
-4312
In base 3, what is 12 + 100110211002?
100110211021
In base 7, what is -205 - -406?
201
In base 3, what is -11 + -10020220010201?
-10020220010212
In base 6, what is -1543355 + 5?
-1543350
In base 11, what is -2118 + 60?
-2068
In base 2, what is -111000 + 11011110010?
11010111010
In base 7, what is 1364600 - 2?
1364565
In base 3, what is -10010002 + 110?
-10002122
In base 6, what is 43134 + -50?
43044
In base 16, what is a2d + -42?
9eb
In base 12, what is 1506b + 5?
15074
In base 15, what is 3 + a55a?
a55d
In base 13, what is -7c76b - 31?
-7c79c
In base 12, what is 3 - 3291?
-328a
In base 14, what is 748 - c6?
662
In base 6, what is -20523 - -531?
-15552
In base 2, what is 101000010010001 - 1?
101000010010000
In base 11, what is -573689 + -3?
-573691
In base 15, what is -35 - -334e?
3319
In base 15, what is -5 + 3715?
3710
In base 15, what is -516 + -a?
-521
In base 9, what is 34841 - -25?
34866
In base 3, what is -11 + 22201212?
22201201
In base 13, what is 1c8 + -ab?
11a
In base 2, what is 101011001110010100 - -10?
101011001110010110
In base 6, what is 113454 - 45?
113405
In base 14, what is 3 - 566?
-563
In base 3, what is 12 - 2122100011?
-2122022222
In base 2, what is 101 + -1011010111000?
-1011010110011
In base 3, what is 2120 - 1202110?
-1122220
In base 13, what is 2a8 + -25?
283
In base 12, what is -13369 - b?
-13378
In base 12, what is -19a + 3124?
2b46
In base 11, what is -110897 - -6?
-110891
In base 11, what is 22 - 4492?
-4470
In base 7, what is 4666024 + -5?
4666016
In base 8, what is -4 + 4500?
4474
In base 8, what is -16575 - -37?
-16536
In base 16, what is 0 - -81b?
81b
In base 10, what is 9887 + -4?
9883
In base 6, what is -34014 - -4?
-34010
In base 2, what is 0 - -110010011110011010000?
110010011110011010000
In base 4, what is -2 + 3011?
3003
In base 4, what is -20 - 3133001?
-3133021
In base 4, what is -1021 - -10230001?
10222320
In base 10, what is -55 + 103?
48
In base 3, what is 1 - 1112100022?
-1112100021
In base 14, what is -4 - -6732c?
67328
In base 16, what is 19b - 977?
-7dc
In base 16, what is 93 - -da?
16d
In base 11, what is 66 + -5a5?
-53a
In base 8, what is 35524 - -42?
35566
In base 7, what is -1 + -26365?
-26366
In base 13, what is 747 - 30?
717
In base 3, what is 20 + -2201220111?
-2201220021
In base 2, what is -1101111101100100 + -1001?
-1101111101101101
In base 6, what is 414 + 1055?
1513
In base 12, what is 2b01 - -106?
3007
In base 12, what is 1320 + -404?
b18
In base 6, what is 23315 - -511?
24230
In base 3, what is -1110211012 - -1122?
-1110202120
In base 14, what is 2d309 + -1?
2d308
In base 9, what is 5 - -241347?
241353
In base 10, what is 129166 + 0?
129166
In base 7, what is -20162 - -20?
-20142
In base 7, what is 4122 + 222?
4344
In base 16, what is 95 + -2f5a?
-2ec5
In base 5, what is 1232434132 + -4?
1232434123
In base 6, what is -3443 - -2100?
-1343
In base 9, what is 3401800 - 2?
3401787
In base 15, what is -1a0d + -22?
-1a30
In base 2, what is -11001001 + -1001110100000?
-1010001101001
In base 10, what is -5 + -366?
-371
In base 16, what is 148 - 17?
131
In base 15, what is -17a52 + 6?
-17a4b
In base 13, what is -aaa1 + -18?
-aab9
In base 2, what is -11101001 + -1100001100?
-1111110101
In base 8, what is 2115250 - -15?
2115265
In base 9, what is 8 + -5884?
-5875
In base 3, what is -101220002100 - 10?
-101220002110
In base 8, what is -504 + 1334?
630
In base 3, what is 2 - -120210222?
120211001
In base 4, what is 2030 - -10330100?
10332130
In base 11, what is 2470 - 28?
2443
In base 2, what is 0 - -1000010001100101000?
1000010001100101000
In base 6, what is 423 - 10101?
-5234
In base 8, what is 7117 + 111?
7230
In base 10, what is -42 + 378?
336
In base 8, what is -1 + 440761?
440760
In base 13, what is 956 + -138?
81b
In base 4, what is 0 + -23121202?
-23121202
In base 8, what is 2320 + 27?
2347
In base 11, what is 8 - -4183?
4190
In base 15, what is 4 + -10a4?
-10a0
In base 14, what is 5 + -a9d?
-a98
In base 7, what is 101302 + 6?
101311
In base 10, what is 2279 + -2?
2277
In base 9, what is 11384 + -3?
11381
In base 2, what is -11 - -110101110110100?
110101110110001
In base 15, what is dade + 0?
dade
In base 3, what is 120 + -102221001111?
-102221000221
In base 12, what is 1 + -4ba37?
-4ba36
In base 14, what is 23272 + -2?
23270
In base 2, what is 11100000 - -10100010001?
10111110001
In base 14, what is -5 + a448?
a443
In base 7, what is 61 + -20451?
-20360
In base 9, what is -807 - 3?
-811
In base 11, what is -320 - -29?
-2a2
In base 2, what is 1001 - 100111100100010?
-100111100011001
In base 6, what is -314 - -133152?
132434
In base 12, what is 27148 + 3?
2714b
In base 9, what is -68335 - 81?
-68426
In base 4, what is -102213333 - 1?
-102220000
In base 11, what is 1896 + a2?
1988
In base 5, what is -3133 + -2340?
-11023
In base 12, what is 4 + 72670?
72674
In base 6, what is 3 + -35440530?
-35440523
In base 7, what is -10 + 34441?
34431
In base 8, what is 5 - -33032?
33037
In base 12, what is 9155a5 - 2?
9155a3
In base 2, what is 1001 - 100100110011100001?
-100100110011011000
In base 14, what is -1a - 582?
-59c
In base 5, what is -2 + -13420321?
-13420323
In base 14, what is 70 + b68?
bd8
In base 14, what is -3 + -addb?
-b000
In base 12, what is 8 - 1aa84?
-1aa78
In base 14, what is -507 - 546?
-a4d
In base 12, what is -1299 + 4?
-1295
In base 16,